{"id":134,"date":"2020-05-19T23:32:35","date_gmt":"2020-05-19T21:32:35","guid":{"rendered":"http:\/\/serwer1467439.home.pl\/niezapominajkaslupno.pl-wordpress\/?page_id=134"},"modified":"2020-05-19T23:32:35","modified_gmt":"2020-05-19T21:32:35","slug":"regulamin-systemu-rejestracji-pobytu-dziecka","status":"publish","type":"page","link":"https:\/\/niezapominajkaslupno.pl\/index.php\/regulamin-systemu-rejestracji-pobytu-dziecka\/","title":{"rendered":"Regulamin Systemu Rejestracji Pobytu Dziecka"},"content":{"rendered":"\n<p class=\"has-text-align-right\">Za\u0142\u0105cznik nr 1 do\u00a0zarz\u0105dzenia 4\/2019<br>Dyrektora Samorz\u0105dowego Przedszkola<br>\u201eNiezapominajka \u201e w S\u0142upnie<\/p>\n\n\n\n<div style=\"height:59px\" aria-hidden=\"true\" class=\"wp-block-spacer\"><\/div>\n\n\n\n<p><strong>REGULAMIN KORZYSTANIA Z SYSTEMU&nbsp;\u201eREJESTRACJI CZASU POBYTU DZIECKA W SAMORZ\u0104DOWYM PRZEDSZKOLU \u201eNIEZAPOMINAJKA\u201d W S\u0141UPNIE&nbsp;&nbsp;PRZY WYKORZYSTANIU&nbsp;INDYWIDUALNYCH KART ZBLI\u017bENIOWYCH<\/strong><\/p>\n\n\n\n<div style=\"height:59px\" aria-hidden=\"true\" class=\"wp-block-spacer\"><\/div>\n\n\n\n<p><strong><em>\u00a7 1. Postanowienia wst\u0119pne<\/em><\/strong><\/p>\n\n\n\n<ol class=\"wp-block-list\"><li>System rejestracji czasu pobytu dziecka zapewnia identyfikacj\u0119 dziecka i automatyczne rejestrowanie jego czasu pobytu w przedszkolu przy wykorzystaniu indywidualnych kart zbli\u017ceniowych.<\/li><li>Rodzice \/opiekunowie prawni zobowi\u0105zani s\u0105 do rejestrowania wej\u015bcia\/wyj\u015bcia dziecka za pomoc\u0105 karty zbli\u017ceniowej w specjalnych czytnikach kart zbli\u017ceniowych.&nbsp;&nbsp;&nbsp;&nbsp;&nbsp;&nbsp;&nbsp;&nbsp;&nbsp;&nbsp;&nbsp;&nbsp;&nbsp;&nbsp;&nbsp;&nbsp;&nbsp;&nbsp;&nbsp;&nbsp;&nbsp;&nbsp;&nbsp;&nbsp;&nbsp;&nbsp;&nbsp;&nbsp;&nbsp;&nbsp;&nbsp;&nbsp;&nbsp;&nbsp;&nbsp;&nbsp;&nbsp;&nbsp;&nbsp;&nbsp;&nbsp;&nbsp;&nbsp;&nbsp;&nbsp;&nbsp;&nbsp;&nbsp;&nbsp;&nbsp;&nbsp;&nbsp;&nbsp;&nbsp;&nbsp;&nbsp;&nbsp;&nbsp;&nbsp;&nbsp;&nbsp;&nbsp;&nbsp;&nbsp;&nbsp;&nbsp;&nbsp;&nbsp;&nbsp;&nbsp;&nbsp;<\/li><li>Za czas pobytu dziecka w przedszkolu rozumie si\u0119 czas pozostawania dziecka pod opiek\u0105 nauczycieli oraz innych upowa\u017cnionych os\u00f3b.<\/li><li>Karty zbli\u017ceniowe s\u0105 w\u0142asno\u015bci\u0105 przedszkola.<\/li><li>Koszt pierwszej karty zbli\u017ceniowej pokrywa przedszkole. Karta przekazywana jest rodzicom\/opiekunom prawnym raz na ca\u0142y czas pobytu dziecka w przedszkolu.<\/li><li>Koszty wyrobienia kolejnej karty lub nowej karty w miejsce uszkodzonej czy zgubionej, pokrywaj\u0105 rodzice\/opiekunowie prawni dziecka.<\/li><li>Po zako\u0144czeniu edukacji w Przedszkolu rodzie zobowi\u0105zani s\u0105 zwr\u00f3ci\u0107 karty.<\/li><\/ol>\n\n\n\n<p><strong><em>\u00a7&nbsp;&nbsp;2. Przyprowadzanie dzieci do przedszkola<\/em><\/strong><\/p>\n\n\n\n<ol class=\"wp-block-list\" type=\"1\"><li>Rodzice\/opiekunowie prawni lub inne osoby przyprowadzaj\u0105ce dziecko, niezw\u0142ocznie po wej\u015bciu dziecka do przedszkola, zobowi\u0105zani s\u0105 do przy\u0142o\u017cenia karty zbli\u017ceniowej ich dziecka do czytnika lub wpisanie kodu.<\/li><li>Po zbli\u017ceniu karty do czytnika i zarejestrowaniu obecno\u015bci dziecka w przedszkolu rodzice\/opiekunowie prawni kieruj\u0105 si\u0119 do szatni.<\/li><li>W przypadku przyprowadzenia dziecka do przedszkola i nieodbicia karty zbli\u017ceniowej, czas pobytu dziecka b\u0119dzie naliczany od godz. 6.00.<\/li><\/ol>\n\n\n\n<p><strong>\u00a7&nbsp;&nbsp;3. Odbieranie dziecka z przedszkola<\/strong><\/p>\n\n\n\n<ol class=\"wp-block-list\" type=\"1\"><li>Rodzice\/opiekunowie prawni lub inne osoby odbieraj\u0105ce dziecko, niezw\u0142ocznie po wej\u015bciu do przedszkola, zobowi\u0105zani s\u0105 do przy\u0142o\u017cenia karty zbli\u017ceniowej lub wpisaniu kodu ich dziecka do czytnika.<\/li><li>W przypadku obecno\u015bci dziecka w przedszkolu i nieodbicia karty zbli\u017ceniowej przy wyj\u015bciu, czas pobytu dziecka naliczany b\u0119dzie do godz. 17.00.<\/li><\/ol>\n\n\n\n<p><strong><em>\u00a7 4. Postanowienia ko\u0144cowe<\/em><\/strong><\/p>\n\n\n\n<ol class=\"wp-block-list\"><li>Niniejszy regulamin obowi\u0105zuje od dnia 1 wrze\u015bnia 2019 r.<\/li><li>Rodzice\/opiekunowie prawni zobowi\u0105zani s\u0105 do zapoznania si\u0119 z niniejszymi zasadami i ich stosowania oraz przekazania niezb\u0119dnych informacji na ich temat innym osobom upowa\u017cnionym do przyprowadzania i odbierania dziecka z przedszkola.<\/li><li>Informacji zwi\u0105zanych z techniczn\u0105 obs\u0142ug\u0105 programu, naliczaniem op\u0142at za pobyt, \u017cywienie dziecka, | udziela rodzicom\/opiekunom prawnym dyrektor przedszkola lub inna wskazana przez niego osoba. Administratorem danych osobowych zawartych w systemie jest Samorz\u0105dowe Przedszkole \u201cNiezapominajka\u201d w S\u0142upnie.&nbsp;&nbsp;S\u0142upno, dn. 30 sierpnia 2019 r.<\/li><\/ol>\n","protected":false},"excerpt":{"rendered":"<p>Za\u0142\u0105cznik nr 1 do\u00a0zarz\u0105dzenia 4\/2019Dyrektora Samorz\u0105dowego Przedszkola\u201eNiezapominajka \u201e w S\u0142upnie REGULAMIN KORZYSTANIA Z SYSTEMU&nbsp;\u201eREJESTRACJI CZASU POBYTU DZIECKA W SAMORZ\u0104DOWYM PRZEDSZKOLU \u201eNIEZAPOMINAJKA\u201d W S\u0141UPNIE&nbsp;&nbsp;PRZY WYKORZYSTANIU&nbsp;INDYWIDUALNYCH KART ZBLI\u017bENIOWYCH \u00a7 1. Postanowienia wst\u0119pne System rejestracji czasu pobytu dziecka zapewnia identyfikacj\u0119 dziecka i automatyczne rejestrowanie jego czasu pobytu w przedszkolu przy wykorzystaniu indywidualnych kart zbli\u017ceniowych. Rodzice \/opiekunowie prawni zobowi\u0105zani &hellip; <\/p>\n<p class=\"link-more\"><a href=\"https:\/\/niezapominajkaslupno.pl\/index.php\/regulamin-systemu-rejestracji-pobytu-dziecka\/\" class=\"more-link\">Czytaj dalej<span class=\"screen-reader-text\"> Regulamin Systemu Rejestracji Pobytu Dziecka<\/span><\/a><\/p>\n","protected":false},"author":1,"featured_media":0,"parent":0,"menu_order":0,"comment_status":"closed","ping_status":"closed","template":"","meta":{"footnotes":""},"class_list":["post-134","page","type-page","status-publish","hentry"],"_links":{"self":[{"href":"https:\/\/niezapominajkaslupno.pl\/index.php\/wp-json\/wp\/v2\/pages\/134","targetHints":{"allow":["GET"]}}],"collection":[{"href":"https:\/\/niezapominajkaslupno.pl\/index.php\/wp-json\/wp\/v2\/pages"}],"about":[{"href":"https:\/\/niezapominajkaslupno.pl\/index.php\/wp-json\/wp\/v2\/types\/page"}],"author":[{"embeddable":true,"href":"https:\/\/niezapominajkaslupno.pl\/index.php\/wp-json\/wp\/v2\/users\/1"}],"replies":[{"embeddable":true,"href":"https:\/\/niezapominajkaslupno.pl\/index.php\/wp-json\/wp\/v2\/comments?post=134"}],"version-history":[{"count":1,"href":"https:\/\/niezapominajkaslupno.pl\/index.php\/wp-json\/wp\/v2\/pages\/134\/revisions"}],"predecessor-version":[{"id":135,"href":"https:\/\/niezapominajkaslupno.pl\/index.php\/wp-json\/wp\/v2\/pages\/134\/revisions\/135"}],"wp:attachment":[{"href":"https:\/\/niezapominajkaslupno.pl\/index.php\/wp-json\/wp\/v2\/media?parent=134"}],"curies":[{"name":"wp","href":"https:\/\/api.w.org\/{rel}","templated":true}]}}