{"id":111,"date":"2020-05-19T21:44:19","date_gmt":"2020-05-19T19:44:19","guid":{"rendered":"http:\/\/serwer1467439.home.pl\/niezapominajkaslupno.pl-wordpress\/?page_id=111"},"modified":"2026-01-07T09:57:07","modified_gmt":"2026-01-07T08:57:07","slug":"oplaty","status":"publish","type":"page","link":"https:\/\/niezapominajkaslupno.pl\/index.php\/oplaty\/","title":{"rendered":"Op\u0142aty"},"content":{"rendered":"\n<div style=\"height:40px\" aria-hidden=\"true\" class=\"wp-block-spacer\"><\/div>\n\n\n\n<h3 class=\"wp-block-heading has-text-align-center has-very-dark-gray-color has-text-color\"><strong>Op\u0142aty za przedszkole w roku szkolnym 2025\/2026<\/strong><\/h3>\n\n\n\n<p class=\"has-text-align-center\"><strong>Zgodnie z Uchwa\u0142\u0105 Rady Gminy S\u0142upno w sprawie okre\u015blenia wysoko\u015bci op\u0142at za korzystanie z wychowania przedszkolnego dzieci obj\u0119tych wychowaniem przedszkolnym wysoko\u015b\u0107 op\u0142aty za \u015bwiadczenia poza czasem 5 godzinnego, bezp\u0142atnego pobytu dziecka wynosi 1,44 z\u0142 za ka\u017cd\u0105 rozpocz\u0119t\u0105 godzin\u0119.<\/strong><\/p>\n\n\n\n<p class=\"has-text-align-center\"><strong>Rodzice dzieci realizuj\u0105cych obowi\u0105zek rocznego przygotowania przedszkolnego ponosz\u0105 jedynie op\u0142at\u0119 za korzystnie przez dziecko z wy\u017cywienia.<\/strong><\/p>\n\n\n\n<p><strong>Stawka \u017cywieniowa w roku szkolnym 2025\/2026 wynosi 13,00 z\u0142 w tym: <\/strong><\/p>\n\n\n\n<ul class=\"wp-block-list\">\n<li><strong>13.00 z\u0142<\/strong>\u00a0\u2013 3 posi\u0142ki (\u015bniadanie, obiad, podwieczorek)<\/li>\n\n\n\n<li><strong>10,50 z\u0142<\/strong>\u00a0\u2013 2 posi\u0142ki (\u015bniadanie, obiad)\u00a0<\/li>\n<\/ul>\n\n\n\n<p class=\"has-text-align-center\"><strong><u>UWAGA<\/u><\/strong><\/p>\n\n\n\n<p class=\"has-text-align-center\"><strong> NUMER KONTA:<\/strong><br><strong>66 9011 0005 0002 2594 2000 0010<\/strong><br><em>prowadzony przez Bank Sp\u00f3\u0142dzielczy Vistula we W\u0142oc\u0142awku<\/em><\/p>\n\n\n\n<div class=\"wp-block-file\"><a href=\"https:\/\/niezapominajkaslupno.pl\/wp-content\/uploads\/2024\/08\/uchwa\u0142a.pdf\">uchwa\u0142a<\/a><a href=\"https:\/\/niezapominajkaslupno.pl\/wp-content\/uploads\/2024\/08\/uchwa\u0142a.pdf\" class=\"wp-block-file__button wp-element-button\" download>Pobierz<\/a><\/div>\n","protected":false},"excerpt":{"rendered":"<p>Op\u0142aty za przedszkole w roku szkolnym 2025\/2026 Zgodnie z Uchwa\u0142\u0105 Rady Gminy S\u0142upno w sprawie okre\u015blenia wysoko\u015bci op\u0142at za korzystanie z wychowania przedszkolnego dzieci obj\u0119tych wychowaniem przedszkolnym wysoko\u015b\u0107 op\u0142aty za \u015bwiadczenia poza czasem 5 godzinnego, bezp\u0142atnego pobytu dziecka wynosi 1,44 z\u0142 za ka\u017cd\u0105 rozpocz\u0119t\u0105 godzin\u0119. Rodzice dzieci realizuj\u0105cych obowi\u0105zek rocznego przygotowania przedszkolnego ponosz\u0105 jedynie op\u0142at\u0119 &hellip; <\/p>\n<p class=\"link-more\"><a href=\"https:\/\/niezapominajkaslupno.pl\/index.php\/oplaty\/\" class=\"more-link\">Czytaj dalej<span class=\"screen-reader-text\"> Op\u0142aty<\/span><\/a><\/p>\n","protected":false},"author":1,"featured_media":0,"parent":0,"menu_order":0,"comment_status":"closed","ping_status":"closed","template":"","meta":{"footnotes":""},"class_list":["post-111","page","type-page","status-publish","hentry"],"_links":{"self":[{"href":"https:\/\/niezapominajkaslupno.pl\/index.php\/wp-json\/wp\/v2\/pages\/111","targetHints":{"allow":["GET"]}}],"collection":[{"href":"https:\/\/niezapominajkaslupno.pl\/index.php\/wp-json\/wp\/v2\/pages"}],"about":[{"href":"https:\/\/niezapominajkaslupno.pl\/index.php\/wp-json\/wp\/v2\/types\/page"}],"author":[{"embeddable":true,"href":"https:\/\/niezapominajkaslupno.pl\/index.php\/wp-json\/wp\/v2\/users\/1"}],"replies":[{"embeddable":true,"href":"https:\/\/niezapominajkaslupno.pl\/index.php\/wp-json\/wp\/v2\/comments?post=111"}],"version-history":[{"count":18,"href":"https:\/\/niezapominajkaslupno.pl\/index.php\/wp-json\/wp\/v2\/pages\/111\/revisions"}],"predecessor-version":[{"id":54702,"href":"https:\/\/niezapominajkaslupno.pl\/index.php\/wp-json\/wp\/v2\/pages\/111\/revisions\/54702"}],"wp:attachment":[{"href":"https:\/\/niezapominajkaslupno.pl\/index.php\/wp-json\/wp\/v2\/media?parent=111"}],"curies":[{"name":"wp","href":"https:\/\/api.w.org\/{rel}","templated":true}]}}